{"id":499,"date":"2019-07-08T14:16:23","date_gmt":"2019-07-08T14:16:23","guid":{"rendered":"https:\/\/democontent.codex-themes.com\/sites-elementor\/creative-blog\/?page_id=499"},"modified":"2026-03-01T09:39:12","modified_gmt":"2026-03-01T09:39:12","slug":"bloggers-04","status":"publish","type":"page","link":"https:\/\/dominikbako.com\/","title":{"rendered":"Bloggers 04 (Demo)"},"content":{"rendered":"\t\t<div data-elementor-type=\"wp-page\" data-elementor-id=\"499\" class=\"elementor elementor-499\">\n\t\t\t\t\t\t<section class=\"elementor-section elementor-top-section elementor-element elementor-element-1602e4a elementor-section-boxed elementor-section-height-default elementor-section-height-default\" data-id=\"1602e4a\" data-element_type=\"section\" data-settings=\"{&quot;background_background&quot;:&quot;classic&quot;}\">\r\n\t\t\t\t\t\t<div class=\"elementor-container elementor-column-gap-thegem\"><div class=\"elementor-row\">\r\n\t\t\t\t\t<div class=\"elementor-column elementor-col-100 elementor-top-column elementor-element elementor-element-27270b2\" data-id=\"27270b2\" data-element_type=\"column\">\n\t\t\t<div class=\"elementor-widget-wrap elementor-element-populated\">\n\t\t\t\t\t\t<div class=\"elementor-element elementor-element-9a0d2ef flex-horizontal-align-default flex-horizontal-align-tablet-default flex-horizontal-align-mobile-default flex-vertical-align-default flex-vertical-align-tablet-default flex-vertical-align-mobile-default elementor-invisible elementor-widget elementor-widget-heading\" data-id=\"9a0d2ef\" data-element_type=\"widget\" data-settings=\"{&quot;_animation&quot;:&quot;fadeInLeft&quot;}\" data-widget_type=\"heading.default\">\n\t\t\t\t\t<div class=\"title-h2 elementor-heading-title elementor-size-default\">Autorsk\u00e1 tvorba \u2022 umenie \u2022 pr\u00edbehy<\/div>\t\t\t\t<\/div>\n\t\t\t\t<div class=\"elementor-element elementor-element-bdc002b flex-horizontal-align-default flex-horizontal-align-tablet-default flex-horizontal-align-mobile-default flex-vertical-align-default flex-vertical-align-tablet-default flex-vertical-align-mobile-default elementor-invisible elementor-widget elementor-widget-heading\" data-id=\"bdc002b\" data-element_type=\"widget\" data-settings=\"{&quot;_animation&quot;:&quot;fadeInLeft&quot;}\" data-widget_type=\"heading.default\">\n\t\t\t\t\t<div class=\"title-xlarge elementor-heading-title elementor-size-default\">Dominik Bako<\/div>\t\t\t\t<\/div>\n\t\t\t\t<div class=\"elementor-element elementor-element-e0f1d15 flex-horizontal-align-default flex-horizontal-align-tablet-default flex-horizontal-align-mobile-default flex-vertical-align-default flex-vertical-align-tablet-default flex-vertical-align-mobile-default elementor-invisible elementor-widget elementor-widget-text-editor\" data-id=\"e0f1d15\" data-element_type=\"widget\" data-settings=\"{&quot;_animation&quot;:&quot;fadeInLeft&quot;}\" data-widget_type=\"text-editor.default\">\n\t\t\t\t\t\t\t\t\t\t\t\t<div class=\"elementor-text-editor elementor-clearfix\">\r\n\t\t\t\t\t\t<p>Vo svete Fant\u00e1zie, nach\u00e1dzam svoju realitu.<\/p>\t\t\t\t\t\t\t<\/div>\r\n\t\t\t\t\t\t\t\t\t\t<\/div>\n\t\t\t\t<div class=\"elementor-element elementor-element-9e1da06 flex-horizontal-align-default flex-horizontal-align-tablet-default flex-horizontal-align-mobile-default flex-vertical-align-default flex-vertical-align-tablet-default flex-vertical-align-mobile-default elementor-widget elementor-widget-thegem-blogtimeline\" data-id=\"9e1da06\" data-element_type=\"widget\" data-settings=\"{&quot;thegem_elementor_preset&quot;:&quot;timeline_new&quot;,&quot;items_per_page&quot;:5,&quot;categories&quot;:[&quot;popular&quot;,&quot;timeline&quot;],&quot;query_type&quot;:&quot;post&quot;,&quot;source&quot;:[&quot;categories&quot;],&quot;exclude_blog_posts_type&quot;:&quot;manual&quot;,&quot;order_by&quot;:&quot;default&quot;,&quot;order&quot;:&quot;default&quot;,&quot;loadmore_button_stretch_fullwidth&quot;:&quot;no&quot;,&quot;image_icon_show&quot;:&quot;yes&quot;,&quot;caption_container_bubbles_show&quot;:&quot;yes&quot;}\" data-widget_type=\"thegem-blogtimeline.default\">\n\t\t\t\t<div class=\"elementor-widget-container\">\n\t\t\t\t\t\t\t\t<style>.blogtimeline .post-pic a:hover:after{opacity: 1;}<\/style>\n\t\t\t\t\t\t<div class=\"timeline_new-wrapper\"><div class=\"timeline-new-line\"><\/div>\n\t\t\t\t\t\t<div class=\"preloader\"><div class=\"preloader-spin\"><\/div><\/div>\n\t\t\t<div class=\"blog blogtimeline clearfix blog-style-timeline  blog-style-timeline_new  item-animation-move-up \" data-page=\"1\" data-paged=\"1\" data-next-page=\"0\" data-load-more-action=\"thegem_blogtimeline_load_more\">\n\t\t\t\n<article id=\"post-235\" class=\"post-item-outer item-animations-not-inited post-235 post type-post status-publish format-standard has-post-thumbnail category-timeline category-times tag-travelling tag-webdesign\" data-post-date=\"May 2024\">\n\t<div class=\"item-post-container\">\n\n\t\t<div class=\"post-timeline-elements\">\n\n\t\t\t<div class=\"pointer\">\n\t\t\t\t<div>\n\t\t\t\t\t<span class=\"date\">01 May<\/span>\n\t\t\t\t\t<span class=\"time\">12:00<\/span>\n\t\t\t\t<\/div>\n\t\t\t<\/div>\n\n\t\t\t<div class=\"pointer-right\">\n\t\t\t\t<div>\n\t\t\t\t\t<span class=\"date\">01 May<\/span>\n\t\t\t\t\t<span class=\"time\">12:00<\/span>\n\t\t\t\t<\/div>\n\t\t\t<\/div>\n\n\t\t\t\t\t\t\t<div class=\"timeline-date-title\">\n\t\t\t\t\tMay 2024\t\t\t\t<\/div>\n\t\t\t\t<div class=\"timeline-date-title-right\">\n\t\t\t\t\tMay 2024\t\t\t\t<\/div>\n\t\t\t\n\t\t<\/div>\n\n\t\t<div class=\"post-item clearfix caption-container\">\n\n\t\t\t\n\t\t\t\t\t\t\t<svg class=\"wrap-style\"><path id=\"dec-post-arrow\" d=\"M 50,0 Q 45,45 0,50 Q 45,55 50,100\" \/><\/svg>\n\t\t\t\t<svg class=\"wrap-style wrap-style-right\"><path id=\"dec-post-arrow\" d=\"M 50,0 Q 45,45 0,50 Q 45,55 50,100\" \/><\/svg>\n\t\t\t\n\t\t\t\t\t\t\t<div class=\"post-image post-pic\"><div class=\"post-featured-content\"><a href=\"https:\/\/dominikbako.com\/index.php\/2024\/05\/01\/simple-blog-post\/\">\t\t<picture>\n\t\t\t\t\t\t\t\t\t\t\t\t\t\t\t\t\t\t\t<img src=\"https:\/\/dominikbako.com\/wp-content\/uploads\/2019\/12\/wmremove-transformed-thegem-blog-default-large.png\" width=\"1170\" height=\"540\"  class=\"img-responsive\" alt=\"wmremove-transformed\" \/>\n\t\t<\/picture>\n\t\t<\/a><\/div><\/div>\n\t\t\t\n\t\t\t\t\t\t\t<div class=\"post-text-wrap\">\n\t\t\t\t\t<div class=\"post-meta\">\n\t\t\t\t\t\t<div class=\"entry-meta clearfix gem-post-date\">\n\n\t\t\t\t\t\t\t<div class=\"post-meta-left\">\n\t\t\t\t\t\t\t\t\t\t\t\t\t\t\t\t\t<span class=\"post-meta-author\">By <a href=\"http:\/\/dominikbako.com\" title=\"Visit DOMINIKBAKO&#8217;s website\" rel=\"author external\">DOMINIKBAKO<\/a><\/span>\n\t\t\t\t\t\t\t\t\t\t\t\t\t\t\t<\/div>\n\n\t\t\t\t\t\t\t<div class=\"post-meta-right\">\n\t\t\t\t\t\t\t\t\n\t\t\t\t\t\t\t\t\t\t\t\t\t\t\t\t\n\t\t\t\t\t\t\t\t<span class=\"post-meta-likes\"><i class=\"default\"><\/i><a href=\"#\" class=\"zilla-likes\" id=\"zilla-likes-235\" title=\"Like this\"><span class=\"zilla-likes-count\">1<\/span> <span class=\"zilla-likes-postfix\"><\/span><\/a><\/span>\t\t\t\t\t\t\t<\/div>\n\t\t\t\t\t\t<\/div><!-- .entry-meta -->\n\t\t\t\t\t<\/div>\n\n\t\t\t\t\t<div class=\"post-title\">\n\t\t\t\t\t\t\t\t\t\t\t\t\t<h3 class=\"entry-title\"><a href=\"https:\/\/dominikbako.com\/index.php\/2024\/05\/01\/simple-blog-post\/\" rel=\"bookmark\">Zlos\u0165 Temnoty<\/a><\/h3>\t\t\t\t\t\t\t\t\t\t\t<\/div>\n\n\t\t\t\t\t\t\t\t\t\t\t<div class=\"post-content\">\n\t\t\t\t\t\t\t<div class=\"summary\">\n\t\t\t\t\t\t\t\t\t\t\t\t\t\t\t\t\t<p>Zlos\u0165 Temnoty V roku 536 sa svet ocitol v tieni hmlistej temnoty, ktor\u00e1 sp\u00f4sobila, \u017ee slnko sa stalo lenbled\u00fdm tie\u0148om&#8230;<\/p>\n\t\t\t\t\t\t\t\t\t\t\t\t\t\t\t<\/div>\n\t\t\t\t\t\t<\/div>\n\t\t\t\t\t\n\t\t\t\t\t<div class=\"post-misc\">\n\t\t\t\t\t\t<div class=\"post-links\">\n\t\t\t\t\t\t\t<div class=\"post-footer-sharing\">\n\t\t\t\t\t\t\t\t\t\t\t\t\t\t\t<\/div>\n\t\t\t\t\t\t\t<div class=\"post-read-more\">\n\t\t\t\t\t\t\t\t\t<div class=\"gem-button-container gem-widget-button gem-button-position-inline\">\n\t\t<a class=\"gem-button gem-button-size-tiny gem-button-style-outline\" href=\"https:\/\/dominikbako.com\/index.php\/2024\/05\/01\/simple-blog-post\/\">\n\t\t\t<span class=\"gem-inner-wrapper-btn\">\n\t\t\t\t\t\t\t\t<span class=\"gem-text-button\">\n\t\t\t\t\tRead More\t\t\t\t<\/span>\n\t\t\t<\/span>\n\t\t<\/a>\n\t<\/div>\n\t\t\t\t\t\t\t<\/div>\n\t\t\t\t\t\t<\/div>\n\t\t\t\t\t<\/div>\n\n\t\t\t\t<\/div>\n\t\t\t\t\t<\/div>\n\t<\/div>\n<\/article><!-- #post-235 -->\n\t\t\t<\/div>\n\t\t\t\t\t\t\t<\/div>\n\t\t\t\t\n\t\t\t\n\t\t\n\t\t\t\n\t\t\t\n\t\t\t\n\t\t\t\n\t\t\t\t\t\t<\/div>\n\t\t\t\t<\/div>\n\t\t\t\t\t<\/div>\n\t\t<\/div>\n\t\t\t\t\t<\/div><\/div>\r\n\t\t<\/section>\r\n\t\t\t\t<section class=\"elementor-section elementor-top-section elementor-element elementor-element-bfd1c0b elementor-section-boxed elementor-section-height-default elementor-section-height-default\" data-id=\"bfd1c0b\" data-element_type=\"section\" data-settings=\"{&quot;background_background&quot;:&quot;classic&quot;}\">\r\n\t\t\t\t\t\t<div class=\"elementor-container elementor-column-gap-thegem\"><div class=\"elementor-row\">\r\n\t\t\t\t\t<div class=\"elementor-column elementor-col-50 elementor-top-column elementor-element elementor-element-0494915\" data-id=\"0494915\" data-element_type=\"column\">\n\t\t\t<div class=\"elementor-widget-wrap elementor-element-populated\">\n\t\t\t\t\t\t<div class=\"elementor-element elementor-element-ab4bb8c flex-horizontal-align-default flex-horizontal-align-tablet-default flex-horizontal-align-mobile-default flex-vertical-align-default flex-vertical-align-tablet-default flex-vertical-align-mobile-default elementor-invisible elementor-widget elementor-widget-heading\" data-id=\"ab4bb8c\" data-element_type=\"widget\" data-settings=\"{&quot;_animation&quot;:&quot;fadeInLeft&quot;}\" data-widget_type=\"heading.default\">\n\t\t\t\t\t<div class=\"title-h1 elementor-heading-title elementor-size-default\">\nabout<\/div>\t\t\t\t<\/div>\n\t\t\t\t<div class=\"elementor-element elementor-element-076274d flex-horizontal-align-default flex-horizontal-align-tablet-default flex-horizontal-align-mobile-default flex-vertical-align-default flex-vertical-align-tablet-default flex-vertical-align-mobile-default elementor-invisible elementor-widget elementor-widget-heading\" data-id=\"076274d\" data-element_type=\"widget\" data-settings=\"{&quot;_animation&quot;:&quot;fadeInLeft&quot;}\" data-widget_type=\"heading.default\">\n\t\t\t\t\t<div class=\"title-h1 elementor-heading-title elementor-size-default\">\nme<\/div>\t\t\t\t<\/div>\n\t\t\t\t<div class=\"elementor-element elementor-element-8a9b363 flex-horizontal-align-default flex-horizontal-align-tablet-default flex-horizontal-align-mobile-default flex-vertical-align-default flex-vertical-align-tablet-default flex-vertical-align-mobile-default elementor-invisible elementor-widget elementor-widget-text-editor\" data-id=\"8a9b363\" data-element_type=\"widget\" data-settings=\"{&quot;_animation&quot;:&quot;fadeInLeft&quot;}\" data-widget_type=\"text-editor.default\">\n\t\t\t\t\t\t\t\t\t\t\t\t<div class=\"elementor-text-editor elementor-clearfix\">\r\n\t\t\t\t\t\t<p>Vyrastal som na pr\u00edbehoch &#8211; t\u00fdch ve\u013ek\u00fdch aj t\u00fdch menej zn\u00e1mych, od klasiky po modernu. Fascinuj\u00fa ma diela, ktor\u00e9 s\u00fa surov\u00e9, melancholick\u00e9 a osobn\u00e9. Pr\u00edbehy, ktor\u00e9 ne\u0161etria em\u00f3ciami a odha\u013euj\u00fa ludsk\u00fa podstatu.<\/p><p>Cen\u00edm si individualitu a kr\u00e1su l&#8217;udskej du\u0161e, tie jemn\u00e9 nuansy, ktor\u00e9 robia \u010dloveka jedine\u010dn\u00fdm.<\/p><p>Tvor\u00edm poviedky, b\u00e1sne, lyrick\u00e9 texty a experimentujem s r\u00f4znymi formami rozpr\u00e1vania. Moje pr\u00edbehy \u010dasto sk\u00famaj\u00fa hranice medzi t\u00fdm, k\u00fdm sme a k\u00fdm sa m\u00f4\u017eeme sta\u0165. Dot\u00fdkaj\u00fa sa straty, t\u00fa\u017eby a n\u00e1deje a z\u00e1merne nech\u00e1vaj\u00fa priestor na vlastn\u00fa interpret\u00e1ciu.<\/p>\t\t\t\t\t\t\t<\/div>\r\n\t\t\t\t\t\t\t\t\t\t<\/div>\n\t\t\t\t<div class=\"elementor-element elementor-element-679c4a2 flex-horizontal-align-default flex-horizontal-align-tablet-default flex-horizontal-align-mobile-default flex-vertical-align-default flex-vertical-align-tablet-default flex-vertical-align-mobile-default elementor-invisible elementor-widget elementor-widget-text-editor\" data-id=\"679c4a2\" data-element_type=\"widget\" data-settings=\"{&quot;_animation&quot;:&quot;fadeInRight&quot;}\" data-widget_type=\"text-editor.default\">\n\t\t\t\t\t\t\t\t\t\t\t\t<div class=\"elementor-text-editor elementor-clearfix\">\r\n\t\t\t\t\t\t<p>Tento web je miestom, kde zdie\u013eam najm\u00e4 poviedky a in\u00e9 pr\u00edbehy &#8211; sp\u00f4sob, ak\u00fdm sa sna\u017e\u00edm pochopi\u0165 svet okolo seba.<\/p><p>Umenie je moj\u00edm palivom. Je to jazyk, ktor\u00fdm sa pozer\u00e1m na svet a pren\u00e1\u0161am ho na papier &#8211; snaha zachyti\u0165 my\u0161lienky a pocity, ktor\u00e9 be\u017en\u00e9 slov\u00e1 \u010dasto nedok\u00e1\u017eu unies\u0165.<\/p><p>Ak sa chce\u0161 ponori\u0165 do sveta, ktor\u00fd tvor\u00edm, za\u010dni mojimi najnov\u0161\u00edmi pr\u00edbehmi a projektmi. Je to miesto, kde som doma<\/p>\t\t\t\t\t\t\t<\/div>\r\n\t\t\t\t\t\t\t\t\t\t<\/div>\n\t\t\t\t<div class=\"elementor-element elementor-element-b0141d7 flex-horizontal-align-default flex-horizontal-align-tablet-default flex-horizontal-align-mobile-default flex-vertical-align-default flex-vertical-align-tablet-default flex-vertical-align-mobile-default elementor-widget elementor-widget-thegem-styledimage\" data-id=\"b0141d7\" data-element_type=\"widget\" data-settings=\"{&quot;image&quot;:{&quot;url&quot;:&quot;http:\\\/\\\/dominikbako.com\\\/wp-content\\\/uploads\\\/2026\\\/03\\\/auto.png&quot;,&quot;id&quot;:1883,&quot;size&quot;:&quot;&quot;,&quot;alt&quot;:&quot;&quot;,&quot;source&quot;:&quot;library&quot;},&quot;image_position&quot;:&quot;right&quot;,&quot;thegem_elementor_preset&quot;:&quot;default&quot;}\" data-widget_type=\"thegem-styledimage.default\">\n\t\t\t\t<div class=\"elementor-widget-container\">\n\t\t\t\t\t\n<div class=\"styled-image-wrapper\">\n\t\t\t<div class=\"gem-image gem-wrapbox gem-wrapbox-default gem-wrapbox-position-right lazy-loading \">\n\t\t\t<div class=\"gem-wrapbox-inner  lazy-loading-item\"  data-ll-effect=\"move-up\">\n\t\t\t\t\t\t\t\t\t<img class=\"gem-wrapbox-element img-responsive \"\n\t\t\t\t\t\t src=\"https:\/\/dominikbako.com\/wp-content\/uploads\/2026\/03\/auto.png\"\n\t\t\t\t\t\t alt=\"auto\">\n\t\t\t\t\t\t\t\t<\/div>\n\t\t<\/div>\n\t\t<\/div>\n\n\n\t\n\t\t\t\t\t\t<\/div>\n\t\t\t\t<\/div>\n\t\t\t\t\t<\/div>\n\t\t<\/div>\n\t\t\t\t<div class=\"elementor-column elementor-col-50 elementor-top-column elementor-element elementor-element-ded9205\" data-id=\"ded9205\" data-element_type=\"column\">\n\t\t\t<div class=\"elementor-widget-wrap\">\n\t\t\t\t\t\t\t<\/div>\n\t\t<\/div>\n\t\t\t\t\t<\/div><\/div>\r\n\t\t<\/section>\r\n\t\t\t\t<\/div>\n\t\t","protected":false},"excerpt":{"rendered":"<p>Autorsk\u00e1 tvorba \u2022 umenie \u2022 pr\u00edbehy Dominik Bako Vo svete Fant\u00e1zie, nach\u00e1dzam svoju realitu. 18 Dec 11:30 18 Dec 11:30&#8230;<\/p>\n","protected":false},"author":1,"featured_media":0,"parent":0,"menu_order":0,"comment_status":"closed","ping_status":"closed","template":"page-fullwidth.php","meta":{"footnotes":""},"class_list":["post-499","page","type-page","status-publish"],"_links":{"self":[{"href":"https:\/\/dominikbako.com\/index.php\/wp-json\/wp\/v2\/pages\/499","targetHints":{"allow":["GET"]}}],"collection":[{"href":"https:\/\/dominikbako.com\/index.php\/wp-json\/wp\/v2\/pages"}],"about":[{"href":"https:\/\/dominikbako.com\/index.php\/wp-json\/wp\/v2\/types\/page"}],"author":[{"embeddable":true,"href":"https:\/\/dominikbako.com\/index.php\/wp-json\/wp\/v2\/users\/1"}],"replies":[{"embeddable":true,"href":"https:\/\/dominikbako.com\/index.php\/wp-json\/wp\/v2\/comments?post=499"}],"version-history":[{"count":22,"href":"https:\/\/dominikbako.com\/index.php\/wp-json\/wp\/v2\/pages\/499\/revisions"}],"predecessor-version":[{"id":1886,"href":"https:\/\/dominikbako.com\/index.php\/wp-json\/wp\/v2\/pages\/499\/revisions\/1886"}],"wp:attachment":[{"href":"https:\/\/dominikbako.com\/index.php\/wp-json\/wp\/v2\/media?parent=499"}],"curies":[{"name":"wp","href":"https:\/\/api.w.org\/{rel}","templated":true}]}}